. Let v(z) = z**2 + 2*z - 1. Calculate v(n).
2
Let w(t) = 7*t**2 - 6*t - 4. Let f be 60/(-100) - 32/5. Let n(o) = 8*o**2 - 6*o - 5. Let v(m) = f*w(m) + 6*n(m). Determine v(7).
-9
Let z(s) = 16*s**2 + s - 1. Let c(v) = -61*v**2 - 4*v + 3. Let h(m) = -3*c(m) - 11*z(m). Calculate h(-1).
8
Let q(n) = -17*n + 16*n + 16 - 19. Determine q(7).
-10
Let w(b) be the first derivative of b**7/840 + 7*b**6/360 + b**4/6 + b**3 - 21. Let i(a) be the third derivative of w(a). Calculate i(-7).
4
Let u = 1019 - 1021. Let l(q) = 12*q**2 + 3*q. What is l(u)?
42
Let y(k) be the first derivative of 1/120*k**6 + 0*k + 7/60*k**5 + 6 - 5*k**2 - 3/8*k**4 - 7/6*k**3. Let n(j) be the second derivative of y(j). Give n(-8).
1
Let z(p) = p**2 - 6*p + 2. Suppose i + 9 = 29. Suppose 0 = 3*l - 4*x - 28, 0*l - 3*l + 2*x = -i. Suppose -2*d + l*k = 10, 2*d - 2*k = -0*d. What is z(d)?
-3
Suppose -2*x - x + 3*w = -30, 4*x + w - 25 = 0. Let t = -13 + x. Let q(d) = 3*d + 7. Determine q(t).
-11
Let w(m) be the third derivative of -m**5/60 - m**4/3 - 2*m**3/3 - 5*m**2. Let d be w(-7). Let c(b) = d*b - 5*b + 3*b + b**2 + 2 + b. Give c(-4).
10
Let n(u) = 3*u + 13. Suppose 709 = -127*r - 307. Determine n(r).
-11
Let g(s) = -6*s + 5. Let d be (-294)/(-63)*6/7. What is g(d)?
-19
Let l(v) = -v**2 - 5*v - 4. Let y be l(-4). Let u(j) be the second derivative of 0 - 30*j - 1/6*j**3 + 4*j**2. Determine u(y).
8
Let x = -25 + 40. Let f = x + -23. Let o be f/(-2) + -3 - -3. Let n(s) = -s**3 + 3*s**2 + 3*s - 1. Give n(o).
-5
Let h = -13 + 16. Let b(t) = 2*t**3 - 5*t + 0*t**3 + 3*t**2 + h - 3*t**3 + 2*t**2. Suppose -12*x - 16 = -16*x. Determine b(x).
-1
Let q(g) = 3*g**2 - 7*g - 4. Let r(i) = -2*i**2 + 6*i + 3. Let k(f) = -4*q(f) - 5*r(f). What is k(2)?
-11
Let n(p) = -p**3 - 6*p**2 - 6*p - 7. Suppose -3*d - 3*k = 30, 19 + 6 = -4*d - k. Calculate n(d).
-2
Let q be -4 - (1 - 4 - -34). Let p = q - -41. Suppose p = -0*v + v - m, 3*v + m - 14 = 0. Let l(w) = w**2 - 6*w + 3. What is l(v)?
-2
Let a(k) = 6*k**3 - 24*k**2 + 15*k - 15. Let g(v) = -v**3 + v**2 + v - 4. Let c(m) = a(m) + 5*g(m). What is c(18)?
1
Let b(p) = -p**3 + p**2. Let y be b(0). Let f(u) = u**2 - 36. Calculate f(y).
-36
Let t(l) = -4*l - 5. Let x = -163 - -233. Suppose -6*k - 10 = -x. Let c = -15 + k. Calculate t(c).
15
Suppose 3*o + 5*b - 2 = 1, 11 = -2*o + b. Let s(i) = 3*i + 18. What is s(o)?
6
Let m(q) = 10*q + 26. Let n(o) = 19*o + 51. Let t(i) = -11*m(i) + 6*n(i). Let c(g) = g + 5. Let j(k) = -9*c(k) + 2*t(k). What is j(-9)?
4
Suppose 0 = -2*u - 0 - 0. Suppose u = -x - 41 + 35. Let i(j) = -j**2 - 5*j + 4. Determine i(x).
-2
Let c(m) = m**2 + 15*m + 8. Let w be (8 + (-396)/42)*7. Give c(w).
-42
Let l(x) = -245*x**2 + x + 245*x**2 - 1 - 2*x**3. Calculate l(-2).
13
Suppose 9*d + 44*d = -371. Let h(q) = q**3 + 6*q**2 - 5*q + 11. Give h(d).
-3
Let t(k) = -4*k - 2. Suppose -r + 3*a = -0*r, -6 = -2*a. Suppose -l = -3 + r. Let v be 24/16*(-8)/l. Give t(v).
-10
Let p(v) = 5*v**3 + 1. Let j(g) = -28*g**3 + 9*g**2 + 4*g - 6. Let u(x) = -j(x) - 6*p(x). Give u(-4).
0
Suppose 3*a - 6*m - 4 = -7*m, -5*a = 5*m. Let p(z) = z + 1 + 0 - 3*z**2 + a*z**2. Give p(3).
-5
Let u = -602 + 608. Let k(b) = -5*b + 0*b**2 - 2*b**3 - 5*b**2 + 3*b**3. Calculate k(u).
6
Let a(d) = -d**2 + d. Let w(v) = 4*v**2 - 17*v + 4. Let b(l) = 5*a(l) + w(l). Give b(-13).
-9
Let z(l) = -3*l + 4*l - 10 + l**2 + 4*l + 6*l - 14*l. What is z(-5)?
30
Let l(x) = 2 - x + 2 + 2. Let i = -166 + 117. Let a = i + 55. Determine l(a).
0
Let y(l) = l**2 - 7*l - 8. Let u(d) = 9 + 2*d**2 + 2 + 13 - 39*d + 2. Let j be u(19). Determine y(j).
-8
Let g(k) = -k**3 - 8*k**2 - 6*k - 13. Let j be g(-7). Let b be 30/j*4/6. Let i(o) = 4*o**2 + o. Determine i(b).
3
Let m(h) = 3*h + 42. Let t be m(-8). Suppose -t = 3*l - 12*l. Let q(p) = 4*p - 3. Let b(c) = 4*c - 3. Let r(i) = -2*b(i) + 3*q(i). Determine r(l).
5
Let y(x) = -x**3 - 5*x**2 + 4*x - 1. Let c = 54 - 51. Suppose -5*i - c*i = 48. Determine y(i).
11
Let p(d) = -d**3 + 8*d**2 - 6*d - 7. Let w(i) = 0*i**2 + 13 + 7*i**2 - 13. Let a be w(1). What is p(a)?
0
Let p(q) = 2*q - 8. Let n = 4 + -1. Suppose -5*t = -3*t + 2*x - 4, -3*x = t - 6. Let y be t + -2 + n + 5. Determine p(y).
4
Suppose 0 = -4*c + 37 + 39. Let z = c + -12. Let w(r) = -r**2 + 9*r - 2. Calculate w(z).
12
Let h(g) be the first derivative of 4*g - 3*g**2 + 19 - 1/3*g**3. Give h(-7).
-3
Let t(g) = -g**3 - 5*g**2 - 4*g + 4. Let b be 2*(-5 - (2 - 5)). What is t(b)?
4
Suppose 4*o - 17 = u - 99, -4*o + 2*u = 84. Let a(b) = -b - 17. Let d be a(o). Let t(q) = -5*q - 1. Let z(w) = 2*w. Let i(p) = 3*t(p) + 8*z(p). Determine i(d).
0
Let r(w) = -w**3 - 4*w**2 + 14*w + 2. Suppose -31*l + 74*l + 258 = 0. What is r(l)?
-10
Let i(h) = -3*h**2 - 47*h + 29. Let l(o) = -o**2 - 16*o + 10. Let t(w) = -6*i(w) + 17*l(w). Determine t(-8).
-20
Let t(j) be the first derivative of -j**5/60 - j**4/8 + 2*j**3/3 - 3*j**2/2 - 9*j + 24. Let s(o) be the second derivative of t(o). Determine s(-4).
0
Suppose 33 = 4*b - 4*s + 325, 5*s - 149 = 2*b. Let k be (2 - (3 - -2))/(b/(-48)). Let q(z) = -3*z**3 - z**2. Calculate q(k).
20
Suppose 4*a = 5*a - 4. Suppose 2*n - 6*n = 4*o - 16, -11 = -5*n + a*o. Let c(m) = -2*m**2 + n + 0*m + 3*m**3 - 2*m**3 - 2*m. Calculate c(3).
6
Suppose -2*r + 3*m - 37 = 8, 0 = -2*r - 3*m - 39. Let n = r - -18. Let t(x) = 2*x**2 + 3*x - 4. What is t(n)?
5
Let r(o) = -5*o**3 - 8*o**2 + 13*o - 4. Let v(l) = l**3 - l**2 + 1. Let a(m) = r(m) + 6*v(m). What is a(13)?
2
Let b(v) = v**3 + 4*v**2 - 4*v - 1. Suppose 0 = -5*k - 4*y - 1 + 3, -2 = y. Suppose 0 = k*q + 2*x + 6 - 4, q + 7 = x. What is b(q)?
15
Let n(d) = -d**3 - 2*d + 1. Suppose m - 2*y = 7, -2*m = -5*y + 4*y - 2. Let a = m + -23. Let k be a/(-15) - (-9)/(-15). Determine n(k).
-2
Let c(b) = -3*b - 7. Let j(s) = -6*s - 15. Let z(f) = 13*c(f) - 6*j(f). Suppose -2*q - 9 = q. Calculate z(q).
8
Let u(b) be the first derivative of -b**3/3 - b**2/2 + 7*b + 2. Let d be 1*(-1 - (-2)/2). Give u(d).
7
Let w(x) = -19*x + 11. Let h(g) = -13*g + 10. Let i(o) = 3*h(o) - 2*w(o). Calculate i(12).
-4
Let b(r) = -r**2 + 8*r - 8. Suppose 39*q - 37*q - 14 = 0. What is b(q)?
-1
Let d(v) be the third derivative of -v**5/60 - v**4/3 - 2*v**3/3 + 3187*v**2. Suppose -5 = 2*n + 11. Give d(n).
-4
Suppose -5*v = -4*v - 19. Suppose 0 = -5*h - 9 + v. Let n(p) = -p**2 - 5*p - 2 + 0*p**h + 4 + 1. Determine n(-6).
-3
Let a(p) = -p - 1. Let x(y) = 5*y + 3. Let c(b) = 2*a(b) + x(b). Let k be (-2)/3*(-15)/(-5). What is c(k)?
-5
Let w(x) be the first derivative of -1/3*x**3 - 7*x + 50 - 4*x**2. Give w(-6).
5
Let j(n) = n - 1. Suppose 0 = 2*w - 2*y - 74, -3*y = w - 0*y - 49. Let z be (-2)/(-5) + 64/w. Give j(z).
1
Let r(c) = c**3 + 3*c**2 - 4. Let g(v) be the third derivative of v**4/24 + 5*v**3/6 - 22*v**2. Let a be g(-8). Calculate r(a).
-4
Let z be (4/6)/(2/3). Let f(r) be the first derivative of -9*r**4/4 - r**3/3 + r**2/2 - 609. What is f(z)?
-9
Let l(z) be the third derivative of -1/15*z**5 - 1/3*z**3 - 3*z**2 + 1/12*z**4 + 0 + 0*z. Suppose -5*p + 4 = -2*b, 4*p - 2*b + 7*b - 23 = 0. Determine l(p).
-14
Let n(w) = 2*w - 5. Let h(l) = l - 3. Let k(u) = -5*h(u) + 3*n(u). Determine k(5).
5
Suppose -5*b + 14 = -3*g, -5*g + 3 = -b + 19. Let t = -4 + 7. Let s(k) = t*k**2 - 1 + k + 0 - k + k. Give s(b).
3
Let f(m) be the first derivative of -11*m**4/4 + m**2 - m - 6. Let q(b) = -b + 3. Let d be q(2). Determine f(d).
-10
Let s(x) = -63 + 120 - 58 - 3*x. Determine s(-3).
8
Suppose 10*w - 7*w = -9. Let r be 2/(-2) - 7/(-21)*w. Let h(m) = m**2 - 1. Determine h(r).
3
Let q(i) = 4*i**3 - i**2 + 2*i - 8. Let f = 9 - 15. Let d(v) = -5*v**3 + 2*v**2 - v + 9. Let s(h) = f*q(h) - 5*d(h). Let b be -4 - (-6)/(-4)*-6. What is s(b)?
-7
Let s be (-2)/12 - (-4015)/438. Let o(u) = -u**3 + 9*u**2 + 3*u - 3. Calculate o(s).
24
Let n(g) be the second derivative of g**8/6720 - g**7/504 + g**6/240 + g**5/60 - g**4/4 - 5*g. Let c(y) be the third derivative of n(y). Give c(3).
-7
Suppose 0 = -2*z + 5 + 15. Suppose z = 2*q + 20. Let v = q + 5. Let t(c) = c**2 - c - 3. Give t(v).
-3
Let q(k) be the third derivative of k**6/10 - k**5/60 - k**4/24 + k**3/6 - 4*k**2 - 8*k. What is q(1)?
11
Let o(g) = -g**2 - g - 2. Suppose 2*v + 5 = 4*i + 1, 0 = -2*i - 4*v - 8. What is o(i)?
-2
Let n(h) = -h**3 + 2*h**2 + 3*h - 3